{"id":581,"date":"2018-04-04T13:32:52","date_gmt":"2018-04-04T11:32:52","guid":{"rendered":"https:\/\/www.valeriehenry.com\/undo-redo\/?page_id=581"},"modified":"2024-03-27T11:25:02","modified_gmt":"2024-03-27T10:25:02","slug":"video","status":"publish","type":"page","link":"https:\/\/www.valeriehenry.com\/william-amor\/video\/","title":{"rendered":"Vid\u00e9os"},"content":{"rendered":"<div style=\"width: 640px;\" class=\"wp-video\"><!--[if lt IE 9]><script>document.createElement('video');<\/script><![endif]-->\n<video class=\"wp-video-shortcode\" id=\"video-581-1\" width=\"640\" height=\"360\" preload=\"metadata\" controls=\"controls\"><source type=\"video\/mp4\" src=\"http:\/\/www.valeriehenry.com\/book\/dl\/lan_skprem_absolue_art_exhibition_23_william-amor_interview_60s_16x9_231130%20(1).mp4?_=1\" \/><a href=\"http:\/\/www.valeriehenry.com\/book\/dl\/lan_skprem_absolue_art_exhibition_23_william-amor_interview_60s_16x9_231130%20(1).mp4\">http:\/\/www.valeriehenry.com\/book\/dl\/lan_skprem_absolue_art_exhibition_23_william-amor_interview_60s_16x9_231130%20(1).mp4<\/a><\/video><\/div>\n<p>&nbsp;<\/p>\n<div style=\"width: 640px;\" class=\"wp-video\"><video class=\"wp-video-shortcode\" id=\"video-581-2\" width=\"640\" height=\"360\" preload=\"metadata\" controls=\"controls\"><source type=\"video\/mp4\" src=\"http:\/\/www.valeriehenry.com\/book\/dl\/Guerlain%20-%20Mon%20Guerlain%20EDP%20BOR%20-%20V7%20-%20169_VA.mp4?_=2\" \/><a href=\"http:\/\/www.valeriehenry.com\/book\/dl\/Guerlain%20-%20Mon%20Guerlain%20EDP%20BOR%20-%20V7%20-%20169_VA.mp4\">http:\/\/www.valeriehenry.com\/book\/dl\/Guerlain%20-%20Mon%20Guerlain%20EDP%20BOR%20-%20V7%20-%20169_VA.mp4<\/a><\/video><\/div>\n<p>&nbsp;<\/p>\n<div style=\"width: 640px;\" class=\"wp-video\"><video class=\"wp-video-shortcode\" id=\"video-581-3\" width=\"640\" height=\"360\" preload=\"metadata\" controls=\"controls\"><source type=\"video\/mp4\" src=\"https:\/\/www.valeriehenry.com\/book\/dl\/16_ITW_WILLIAM_169_AE210713.mp4?_=3\" \/><a href=\"https:\/\/www.valeriehenry.com\/book\/dl\/16_ITW_WILLIAM_169_AE210713.mp4\">https:\/\/www.valeriehenry.com\/book\/dl\/16_ITW_WILLIAM_169_AE210713.mp4<\/a><\/video><\/div>\n<p>&nbsp;<\/p>\n<div style=\"width: 640px;\" class=\"wp-video\"><video class=\"wp-video-shortcode\" id=\"video-581-4\" width=\"640\" height=\"360\" preload=\"metadata\" controls=\"controls\"><source type=\"video\/mp4\" src=\"https:\/\/www.valeriehenry.com\/book\/dl\/VID-20211026-WA0002.mp4?_=4\" \/><a href=\"https:\/\/www.valeriehenry.com\/book\/dl\/VID-20211026-WA0002.mp4\">https:\/\/www.valeriehenry.com\/book\/dl\/VID-20211026-WA0002.mp4<\/a><\/video><\/div>\n<p>&nbsp;<\/p>\n","protected":false},"excerpt":{"rendered":"<p>&nbsp; &nbsp; https:\/\/www.valeriehenry.com\/book\/dl\/16_ITW_WILLIAM_169_AE210713.mp4 &nbsp; https:\/\/www.valeriehenry.com\/book\/dl\/VID-20211026-WA0002.mp4 &nbsp;<\/p>\n","protected":false},"author":2,"featured_media":0,"parent":0,"menu_order":0,"comment_status":"closed","ping_status":"closed","template":"","meta":{"_trash_the_other_posts":false,"footnotes":""},"class_list":["post-581","page","type-page","status-publish","hentry"],"yoast_head":"<!-- This site is optimized with the Yoast SEO plugin v23.7 - https:\/\/yoast.com\/wordpress\/plugins\/seo\/ -->\n<title>William Amor, artiste contemporain, fleurs recycl\u00e9es<\/title>\n<meta name=\"description\" content=\"ULes pi\u00e8ces d&#039;art contemporain \u00e9co-responsables de William Amor captivent par leur esth\u00e9tique et leur po\u00e9sie, racontent une histoire\" \/>\n<meta name=\"robots\" content=\"index, follow, max-snippet:-1, max-image-preview:large, max-video-preview:-1\" \/>\n<link rel=\"canonical\" href=\"https:\/\/www.valeriehenry.com\/william-amor\/video\/\" \/>\n<meta property=\"og:locale\" content=\"fr_FR\" \/>\n<meta property=\"og:type\" content=\"article\" \/>\n<meta property=\"og:title\" content=\"William Amor, artiste contemporain, fleurs recycl\u00e9es\" \/>\n<meta property=\"og:description\" content=\"ULes pi\u00e8ces d&#039;art contemporain \u00e9co-responsables de William Amor captivent par leur esth\u00e9tique et leur po\u00e9sie, racontent une histoire\" \/>\n<meta property=\"og:url\" content=\"https:\/\/www.valeriehenry.com\/william-amor\/video\/\" \/>\n<meta property=\"og:site_name\" content=\"William Amor\" \/>\n<meta property=\"article:publisher\" content=\"https:\/\/www.facebook.com\/agencevaleriehenry\/\" \/>\n<meta property=\"article:modified_time\" content=\"2024-03-27T10:25:02+00:00\" \/>\n<meta name=\"twitter:card\" content=\"summary_large_image\" \/>\n<meta name=\"twitter:site\" content=\"@vaalhenry\" \/>\n<meta name=\"twitter:label1\" content=\"Dur\u00e9e de lecture estim\u00e9e\" \/>\n\t<meta name=\"twitter:data1\" content=\"1 minute\" \/>\n<script type=\"application\/ld+json\" class=\"yoast-schema-graph\">{\"@context\":\"https:\/\/schema.org\",\"@graph\":[{\"@type\":\"WebPage\",\"@id\":\"https:\/\/www.valeriehenry.com\/william-amor\/video\/\",\"url\":\"https:\/\/www.valeriehenry.com\/william-amor\/video\/\",\"name\":\"William Amor, artiste contemporain, fleurs recycl\u00e9es\",\"isPartOf\":{\"@id\":\"https:\/\/www.valeriehenry.com\/william-amor\/#website\"},\"datePublished\":\"2018-04-04T11:32:52+00:00\",\"dateModified\":\"2024-03-27T10:25:02+00:00\",\"description\":\"ULes pi\u00e8ces d'art contemporain \u00e9co-responsables de William Amor captivent par leur esth\u00e9tique et leur po\u00e9sie, racontent une histoire\",\"breadcrumb\":{\"@id\":\"https:\/\/www.valeriehenry.com\/william-amor\/video\/#breadcrumb\"},\"inLanguage\":\"fr-FR\",\"potentialAction\":[{\"@type\":\"ReadAction\",\"target\":[\"https:\/\/www.valeriehenry.com\/william-amor\/video\/\"]}]},{\"@type\":\"BreadcrumbList\",\"@id\":\"https:\/\/www.valeriehenry.com\/william-amor\/video\/#breadcrumb\",\"itemListElement\":[{\"@type\":\"ListItem\",\"position\":1,\"name\":\"William Amor\",\"item\":\"https:\/\/www.valeriehenry.com\/william-amor\/\"},{\"@type\":\"ListItem\",\"position\":2,\"name\":\"Vid\u00e9os\"}]},{\"@type\":\"WebSite\",\"@id\":\"https:\/\/www.valeriehenry.com\/william-amor\/#website\",\"url\":\"https:\/\/www.valeriehenry.com\/william-amor\/\",\"name\":\"William Amor\",\"description\":\"upcycling artist\",\"publisher\":{\"@id\":\"https:\/\/www.valeriehenry.com\/william-amor\/#organization\"},\"potentialAction\":[{\"@type\":\"SearchAction\",\"target\":{\"@type\":\"EntryPoint\",\"urlTemplate\":\"https:\/\/www.valeriehenry.com\/william-amor\/?s={search_term_string}\"},\"query-input\":{\"@type\":\"PropertyValueSpecification\",\"valueRequired\":true,\"valueName\":\"search_term_string\"}}],\"inLanguage\":\"fr-FR\"},{\"@type\":\"Organization\",\"@id\":\"https:\/\/www.valeriehenry.com\/william-amor\/#organization\",\"name\":\"William Amor\",\"url\":\"https:\/\/www.valeriehenry.com\/william-amor\/\",\"logo\":{\"@type\":\"ImageObject\",\"inLanguage\":\"fr-FR\",\"@id\":\"https:\/\/www.valeriehenry.com\/william-amor\/#\/schema\/logo\/image\/\",\"url\":\"https:\/\/www.valeriehenry.com\/william-amor\/wp-content\/uploads\/sites\/8\/2017\/10\/valerie_henry_logo.jpg\",\"contentUrl\":\"https:\/\/www.valeriehenry.com\/william-amor\/wp-content\/uploads\/sites\/8\/2017\/10\/valerie_henry_logo.jpg\",\"width\":165,\"height\":39,\"caption\":\"William Amor\"},\"image\":{\"@id\":\"https:\/\/www.valeriehenry.com\/william-amor\/#\/schema\/logo\/image\/\"},\"sameAs\":[\"https:\/\/www.facebook.com\/agencevaleriehenry\/\",\"https:\/\/x.com\/vaalhenry\",\"https:\/\/www.instagram.com\/valhenryagent\/\",\"https:\/\/www.linkedin.com\/in\/valerie-henry-b071b032\/\",\"https:\/\/www.pinterest.fr\/henry0061\/\"]}]}<\/script>\n<!-- \/ Yoast SEO plugin. -->","yoast_head_json":{"title":"William Amor, artiste contemporain, fleurs recycl\u00e9es","description":"ULes pi\u00e8ces d'art contemporain \u00e9co-responsables de William Amor captivent par leur esth\u00e9tique et leur po\u00e9sie, racontent une histoire","robots":{"index":"index","follow":"follow","max-snippet":"max-snippet:-1","max-image-preview":"max-image-preview:large","max-video-preview":"max-video-preview:-1"},"canonical":"https:\/\/www.valeriehenry.com\/william-amor\/video\/","og_locale":"fr_FR","og_type":"article","og_title":"William Amor, artiste contemporain, fleurs recycl\u00e9es","og_description":"ULes pi\u00e8ces d'art contemporain \u00e9co-responsables de William Amor captivent par leur esth\u00e9tique et leur po\u00e9sie, racontent une histoire","og_url":"https:\/\/www.valeriehenry.com\/william-amor\/video\/","og_site_name":"William Amor","article_publisher":"https:\/\/www.facebook.com\/agencevaleriehenry\/","article_modified_time":"2024-03-27T10:25:02+00:00","twitter_card":"summary_large_image","twitter_site":"@vaalhenry","twitter_misc":{"Dur\u00e9e de lecture estim\u00e9e":"1 minute"},"schema":{"@context":"https:\/\/schema.org","@graph":[{"@type":"WebPage","@id":"https:\/\/www.valeriehenry.com\/william-amor\/video\/","url":"https:\/\/www.valeriehenry.com\/william-amor\/video\/","name":"William Amor, artiste contemporain, fleurs recycl\u00e9es","isPartOf":{"@id":"https:\/\/www.valeriehenry.com\/william-amor\/#website"},"datePublished":"2018-04-04T11:32:52+00:00","dateModified":"2024-03-27T10:25:02+00:00","description":"ULes pi\u00e8ces d'art contemporain \u00e9co-responsables de William Amor captivent par leur esth\u00e9tique et leur po\u00e9sie, racontent une histoire","breadcrumb":{"@id":"https:\/\/www.valeriehenry.com\/william-amor\/video\/#breadcrumb"},"inLanguage":"fr-FR","potentialAction":[{"@type":"ReadAction","target":["https:\/\/www.valeriehenry.com\/william-amor\/video\/"]}]},{"@type":"BreadcrumbList","@id":"https:\/\/www.valeriehenry.com\/william-amor\/video\/#breadcrumb","itemListElement":[{"@type":"ListItem","position":1,"name":"William Amor","item":"https:\/\/www.valeriehenry.com\/william-amor\/"},{"@type":"ListItem","position":2,"name":"Vid\u00e9os"}]},{"@type":"WebSite","@id":"https:\/\/www.valeriehenry.com\/william-amor\/#website","url":"https:\/\/www.valeriehenry.com\/william-amor\/","name":"William Amor","description":"upcycling artist","publisher":{"@id":"https:\/\/www.valeriehenry.com\/william-amor\/#organization"},"potentialAction":[{"@type":"SearchAction","target":{"@type":"EntryPoint","urlTemplate":"https:\/\/www.valeriehenry.com\/william-amor\/?s={search_term_string}"},"query-input":{"@type":"PropertyValueSpecification","valueRequired":true,"valueName":"search_term_string"}}],"inLanguage":"fr-FR"},{"@type":"Organization","@id":"https:\/\/www.valeriehenry.com\/william-amor\/#organization","name":"William Amor","url":"https:\/\/www.valeriehenry.com\/william-amor\/","logo":{"@type":"ImageObject","inLanguage":"fr-FR","@id":"https:\/\/www.valeriehenry.com\/william-amor\/#\/schema\/logo\/image\/","url":"https:\/\/www.valeriehenry.com\/william-amor\/wp-content\/uploads\/sites\/8\/2017\/10\/valerie_henry_logo.jpg","contentUrl":"https:\/\/www.valeriehenry.com\/william-amor\/wp-content\/uploads\/sites\/8\/2017\/10\/valerie_henry_logo.jpg","width":165,"height":39,"caption":"William Amor"},"image":{"@id":"https:\/\/www.valeriehenry.com\/william-amor\/#\/schema\/logo\/image\/"},"sameAs":["https:\/\/www.facebook.com\/agencevaleriehenry\/","https:\/\/x.com\/vaalhenry","https:\/\/www.instagram.com\/valhenryagent\/","https:\/\/www.linkedin.com\/in\/valerie-henry-b071b032\/","https:\/\/www.pinterest.fr\/henry0061\/"]}]}},"_links":{"self":[{"href":"https:\/\/www.valeriehenry.com\/william-amor\/wp-json\/wp\/v2\/pages\/581"}],"collection":[{"href":"https:\/\/www.valeriehenry.com\/william-amor\/wp-json\/wp\/v2\/pages"}],"about":[{"href":"https:\/\/www.valeriehenry.com\/william-amor\/wp-json\/wp\/v2\/types\/page"}],"author":[{"embeddable":true,"href":"https:\/\/www.valeriehenry.com\/william-amor\/wp-json\/wp\/v2\/users\/2"}],"replies":[{"embeddable":true,"href":"https:\/\/www.valeriehenry.com\/william-amor\/wp-json\/wp\/v2\/comments?post=581"}],"version-history":[{"count":31,"href":"https:\/\/www.valeriehenry.com\/william-amor\/wp-json\/wp\/v2\/pages\/581\/revisions"}],"predecessor-version":[{"id":1402,"href":"https:\/\/www.valeriehenry.com\/william-amor\/wp-json\/wp\/v2\/pages\/581\/revisions\/1402"}],"wp:attachment":[{"href":"https:\/\/www.valeriehenry.com\/william-amor\/wp-json\/wp\/v2\/media?parent=581"}],"curies":[{"name":"wp","href":"https:\/\/api.w.org\/{rel}","templated":true}]}}