{"id":227,"date":"2017-10-12T11:58:51","date_gmt":"2017-10-12T09:58:51","guid":{"rendered":"https:\/\/www.valeriehenry.com\/mathilde-jonquiere\/?page_id=227"},"modified":"2024-03-21T20:35:21","modified_gmt":"2024-03-21T19:35:21","slug":"brasserie-wepler","status":"publish","type":"page","link":"https:\/\/www.valeriehenry.com\/mathilde-jonquiere\/projets\/brasserie-wepler\/","title":{"rendered":"Brasserie Wepler"},"content":{"rendered":"<div id=\"gallery-1\" class=\"uk-grid-medium uk-child-width-expand@s\" uk-grid uk-height-match=\"target: > article; row: false\"><div class=\"gallery-item uk-margin-bottom uk-width-1-2@s uk-width-1-3@l\"><a href=\"https:\/\/www.valeriehenry.com\/mathilde-jonquiere\/wp-content\/uploads\/sites\/10\/2017\/10\/5-10.jpg\" rel=\"gallery-1\"><figure class=\"uk-margin-small-bottom uk-cover-container uk-height-small uk-section-muted\"><img decoding=\"async\" uk-cover=\"\" src=\"https:\/\/www.valeriehenry.com\/mathilde-jonquiere\/wp-content\/uploads\/sites\/10\/2017\/10\/5-10-300x200.jpg\" srcset=\"https:\/\/www.valeriehenry.com\/mathilde-jonquiere\/wp-content\/uploads\/sites\/10\/2017\/10\/5-10-300x200.jpg 300w, https:\/\/www.valeriehenry.com\/mathilde-jonquiere\/wp-content\/uploads\/sites\/10\/2017\/10\/5-10-600x400.jpg 600w, https:\/\/www.valeriehenry.com\/mathilde-jonquiere\/wp-content\/uploads\/sites\/10\/2017\/10\/5-10-768x512.jpg 768w, https:\/\/www.valeriehenry.com\/mathilde-jonquiere\/wp-content\/uploads\/sites\/10\/2017\/10\/5-10.jpg 840w\" sizes=\"100vw, (min-width: 640px) 50vw, (min-width: 960px) 37vw, (min-width: 1200px) 25vw, (min-width: 1280px) 277px\" alt = \"La Brasserie Wepler, situ\u00e9e dans le XVIIIe arrondissement, est un haut lieu de le Place Clichy, rendez-vous des \u00e9crivains et des artistes. La cr\u00e9ation de trois fresques murales est confi\u00e9e \u00e0 Mathilde Jonqui\u00e8re pour l\u2019espace de la terrasse ouverte. \"><\/figure><\/a><\/div><div class=\"gallery-item uk-margin-bottom uk-width-1-2@s uk-width-1-3@l\"><a href=\"https:\/\/www.valeriehenry.com\/mathilde-jonquiere\/wp-content\/uploads\/sites\/10\/2017\/10\/9-5.jpg\" rel=\"gallery-1\"><figure class=\"uk-margin-small-bottom uk-cover-container uk-height-small uk-section-muted\"><img decoding=\"async\" uk-cover=\"\" src=\"https:\/\/www.valeriehenry.com\/mathilde-jonquiere\/wp-content\/uploads\/sites\/10\/2017\/10\/9-5-300x191.jpg\" srcset=\"https:\/\/www.valeriehenry.com\/mathilde-jonquiere\/wp-content\/uploads\/sites\/10\/2017\/10\/9-5-300x191.jpg 300w, https:\/\/www.valeriehenry.com\/mathilde-jonquiere\/wp-content\/uploads\/sites\/10\/2017\/10\/9-5-600x382.jpg 600w, https:\/\/www.valeriehenry.com\/mathilde-jonquiere\/wp-content\/uploads\/sites\/10\/2017\/10\/9-5-768x489.jpg 768w, https:\/\/www.valeriehenry.com\/mathilde-jonquiere\/wp-content\/uploads\/sites\/10\/2017\/10\/9-5.jpg 879w\" sizes=\"100vw, (min-width: 640px) 50vw, (min-width: 960px) 37vw, (min-width: 1200px) 25vw, (min-width: 1280px) 277px\" alt = \"Des mosa\u00efques d\u2019inspiration Art-d\u00e9co, \u00e0 l\u2019image des Brasseries Parisiennes des ann\u00e9es 30, se meuvent en un d\u00e9cor anim\u00e9 par les bulles de champagne mat\u00e9rialis\u00e9es par les tesselles d\u2019or qui ruissellent sur les coquillages et les crustac\u00e9s, symboles de la vie marine.\"><\/figure><\/a><\/div><div class=\"gallery-item uk-margin-bottom uk-width-1-2@s uk-width-1-3@l\"><a href=\"https:\/\/www.valeriehenry.com\/mathilde-jonquiere\/wp-content\/uploads\/sites\/10\/2017\/10\/5_0-3.jpg\" rel=\"gallery-1\"><figure class=\"uk-margin-small-bottom uk-cover-container uk-height-small uk-section-muted\"><img decoding=\"async\" uk-cover=\"\" src=\"https:\/\/www.valeriehenry.com\/mathilde-jonquiere\/wp-content\/uploads\/sites\/10\/2017\/10\/5_0-3-300x150.jpg\" srcset=\"https:\/\/www.valeriehenry.com\/mathilde-jonquiere\/wp-content\/uploads\/sites\/10\/2017\/10\/5_0-3-300x150.jpg 300w, https:\/\/www.valeriehenry.com\/mathilde-jonquiere\/wp-content\/uploads\/sites\/10\/2017\/10\/5_0-3-600x301.jpg 600w, https:\/\/www.valeriehenry.com\/mathilde-jonquiere\/wp-content\/uploads\/sites\/10\/2017\/10\/5_0-3-768x385.jpg 768w, https:\/\/www.valeriehenry.com\/mathilde-jonquiere\/wp-content\/uploads\/sites\/10\/2017\/10\/5_0-3-1024x513.jpg 1024w, https:\/\/www.valeriehenry.com\/mathilde-jonquiere\/wp-content\/uploads\/sites\/10\/2017\/10\/5_0-3.jpg 1118w\" sizes=\"100vw, (min-width: 640px) 50vw, (min-width: 960px) 37vw, (min-width: 1200px) 25vw, (min-width: 1280px) 277px\" alt = \"Brasserie Wepler, Paris &#8211; d\u00e9tails.\"><\/figure><\/a><\/div><div class=\"gallery-item uk-margin-bottom uk-width-1-2@s uk-width-1-3@l\"><a href=\"https:\/\/www.valeriehenry.com\/mathilde-jonquiere\/wp-content\/uploads\/sites\/10\/2017\/10\/6-6.jpg\" rel=\"gallery-1\"><figure class=\"uk-margin-small-bottom uk-cover-container uk-height-small uk-section-muted\"><img decoding=\"async\" uk-cover=\"\" src=\"https:\/\/www.valeriehenry.com\/mathilde-jonquiere\/wp-content\/uploads\/sites\/10\/2017\/10\/6-6-300x230.jpg\" srcset=\"https:\/\/www.valeriehenry.com\/mathilde-jonquiere\/wp-content\/uploads\/sites\/10\/2017\/10\/6-6-300x230.jpg 300w, https:\/\/www.valeriehenry.com\/mathilde-jonquiere\/wp-content\/uploads\/sites\/10\/2017\/10\/6-6-600x460.jpg 600w, https:\/\/www.valeriehenry.com\/mathilde-jonquiere\/wp-content\/uploads\/sites\/10\/2017\/10\/6-6.jpg 731w\" sizes=\"100vw, (min-width: 640px) 50vw, (min-width: 960px) 37vw, (min-width: 1200px) 25vw, (min-width: 1280px) 277px\" alt = \"Brasserie Wepler, Paris &#8211; d\u00e9tails.\"><\/figure><\/a><\/div><div class=\"gallery-item uk-margin-bottom uk-width-1-2@s uk-width-1-3@l\"><a href=\"https:\/\/www.valeriehenry.com\/mathilde-jonquiere\/wp-content\/uploads\/sites\/10\/2017\/10\/5_1-3.jpg\" rel=\"gallery-1\"><figure class=\"uk-margin-small-bottom uk-cover-container uk-height-small uk-section-muted\"><img decoding=\"async\" uk-cover=\"\" src=\"https:\/\/www.valeriehenry.com\/mathilde-jonquiere\/wp-content\/uploads\/sites\/10\/2017\/10\/5_1-3-238x300.jpg\" srcset=\"https:\/\/www.valeriehenry.com\/mathilde-jonquiere\/wp-content\/uploads\/sites\/10\/2017\/10\/5_1-3-238x300.jpg 238w, https:\/\/www.valeriehenry.com\/mathilde-jonquiere\/wp-content\/uploads\/sites\/10\/2017\/10\/5_1-3.jpg 444w\" sizes=\"100vw, (min-width: 640px) 50vw, (min-width: 960px) 37vw, (min-width: 1200px) 25vw, (min-width: 1280px) 277px\" alt = \"Brasserie Wepler, Paris &#8211; d\u00e9tails.\"><\/figure><\/a><\/div><\/div>\n","protected":false},"excerpt":{"rendered":"","protected":false},"author":1,"featured_media":0,"parent":203,"menu_order":6,"comment_status":"closed","ping_status":"closed","template":"","meta":{"_trash_the_other_posts":false,"footnotes":""},"class_list":["post-227","page","type-page","status-publish","hentry"],"yoast_head":"<!-- This site is optimized with the Yoast SEO plugin v23.7 - https:\/\/yoast.com\/wordpress\/plugins\/seo\/ -->\n<title>Mathilde Jonqui\u00e8re, mosa\u00efque, fresque murale Brasserie Wepler, Paris<\/title>\n<meta name=\"description\" content=\"Mathilde Jonqui\u00e8re, artiste mosa\u00efste, r\u00e9alise des fresques murales pour des restaurants \u00e0 Paris\" \/>\n<meta name=\"robots\" content=\"index, follow, max-snippet:-1, max-image-preview:large, max-video-preview:-1\" \/>\n<link rel=\"canonical\" href=\"https:\/\/www.valeriehenry.com\/mathilde-jonquiere\/projets\/brasserie-wepler\/\" \/>\n<meta property=\"og:locale\" content=\"fr_FR\" \/>\n<meta property=\"og:type\" content=\"article\" \/>\n<meta property=\"og:title\" content=\"Mathilde Jonqui\u00e8re, mosa\u00efque, fresque murale Brasserie Wepler, Paris\" \/>\n<meta property=\"og:description\" content=\"Mathilde Jonqui\u00e8re, artiste mosa\u00efste, r\u00e9alise des fresques murales pour des restaurants \u00e0 Paris\" \/>\n<meta property=\"og:url\" content=\"https:\/\/www.valeriehenry.com\/mathilde-jonquiere\/projets\/brasserie-wepler\/\" \/>\n<meta property=\"og:site_name\" content=\"Mathilde Jonqui\u00e8re\" \/>\n<meta property=\"article:modified_time\" content=\"2024-03-21T19:35:21+00:00\" \/>\n<meta property=\"og:image\" content=\"https:\/\/www.valeriehenry.com\/mathilde-jonquiere\/wp-content\/uploads\/sites\/10\/2017\/10\/5-10-300x200.jpg\" \/>\n<meta name=\"twitter:card\" content=\"summary_large_image\" \/>\n<meta name=\"twitter:label1\" content=\"Dur\u00e9e de lecture estim\u00e9e\" \/>\n\t<meta name=\"twitter:data1\" content=\"1 minute\" \/>\n<script type=\"application\/ld+json\" class=\"yoast-schema-graph\">{\"@context\":\"https:\/\/schema.org\",\"@graph\":[{\"@type\":\"WebPage\",\"@id\":\"https:\/\/www.valeriehenry.com\/mathilde-jonquiere\/projets\/brasserie-wepler\/\",\"url\":\"https:\/\/www.valeriehenry.com\/mathilde-jonquiere\/projets\/brasserie-wepler\/\",\"name\":\"Mathilde Jonqui\u00e8re, mosa\u00efque, fresque murale Brasserie Wepler, Paris\",\"isPartOf\":{\"@id\":\"https:\/\/www.valeriehenry.com\/mathilde-jonquiere\/#website\"},\"datePublished\":\"2017-10-12T09:58:51+00:00\",\"dateModified\":\"2024-03-21T19:35:21+00:00\",\"description\":\"Mathilde Jonqui\u00e8re, artiste mosa\u00efste, r\u00e9alise des fresques murales pour des restaurants \u00e0 Paris\",\"breadcrumb\":{\"@id\":\"https:\/\/www.valeriehenry.com\/mathilde-jonquiere\/projets\/brasserie-wepler\/#breadcrumb\"},\"inLanguage\":\"fr-FR\",\"potentialAction\":[{\"@type\":\"ReadAction\",\"target\":[\"https:\/\/www.valeriehenry.com\/mathilde-jonquiere\/projets\/brasserie-wepler\/\"]}]},{\"@type\":\"BreadcrumbList\",\"@id\":\"https:\/\/www.valeriehenry.com\/mathilde-jonquiere\/projets\/brasserie-wepler\/#breadcrumb\",\"itemListElement\":[{\"@type\":\"ListItem\",\"position\":1,\"name\":\"Mathilde Jonqui\u00e8re\",\"item\":\"https:\/\/www.valeriehenry.com\/mathilde-jonquiere\/\"},{\"@type\":\"ListItem\",\"position\":2,\"name\":\"projets\",\"item\":\"https:\/\/www.valeriehenry.com\/mathilde-jonquiere\/projets\/\"},{\"@type\":\"ListItem\",\"position\":3,\"name\":\"Brasserie Wepler\"}]},{\"@type\":\"WebSite\",\"@id\":\"https:\/\/www.valeriehenry.com\/mathilde-jonquiere\/#website\",\"url\":\"https:\/\/www.valeriehenry.com\/mathilde-jonquiere\/\",\"name\":\"Mathilde Jonqui\u00e8re\",\"description\":\"mosa\u00efste\",\"publisher\":{\"@id\":\"https:\/\/www.valeriehenry.com\/mathilde-jonquiere\/#organization\"},\"potentialAction\":[{\"@type\":\"SearchAction\",\"target\":{\"@type\":\"EntryPoint\",\"urlTemplate\":\"https:\/\/www.valeriehenry.com\/mathilde-jonquiere\/?s={search_term_string}\"},\"query-input\":{\"@type\":\"PropertyValueSpecification\",\"valueRequired\":true,\"valueName\":\"search_term_string\"}}],\"inLanguage\":\"fr-FR\"},{\"@type\":\"Organization\",\"@id\":\"https:\/\/www.valeriehenry.com\/mathilde-jonquiere\/#organization\",\"name\":\"Mathilde Jonqui\u00e8re\",\"url\":\"https:\/\/www.valeriehenry.com\/mathilde-jonquiere\/\",\"logo\":{\"@type\":\"ImageObject\",\"inLanguage\":\"fr-FR\",\"@id\":\"https:\/\/www.valeriehenry.com\/mathilde-jonquiere\/#\/schema\/logo\/image\/\",\"url\":\"https:\/\/www.valeriehenry.com\/mathilde-jonquiere\/wp-content\/uploads\/sites\/10\/2017\/10\/valerie_henry_logo.jpg\",\"contentUrl\":\"https:\/\/www.valeriehenry.com\/mathilde-jonquiere\/wp-content\/uploads\/sites\/10\/2017\/10\/valerie_henry_logo.jpg\",\"width\":165,\"height\":39,\"caption\":\"Mathilde Jonqui\u00e8re\"},\"image\":{\"@id\":\"https:\/\/www.valeriehenry.com\/mathilde-jonquiere\/#\/schema\/logo\/image\/\"}}]}<\/script>\n<!-- \/ Yoast SEO plugin. -->","yoast_head_json":{"title":"Mathilde Jonqui\u00e8re, mosa\u00efque, fresque murale Brasserie Wepler, Paris","description":"Mathilde Jonqui\u00e8re, artiste mosa\u00efste, r\u00e9alise des fresques murales pour des restaurants \u00e0 Paris","robots":{"index":"index","follow":"follow","max-snippet":"max-snippet:-1","max-image-preview":"max-image-preview:large","max-video-preview":"max-video-preview:-1"},"canonical":"https:\/\/www.valeriehenry.com\/mathilde-jonquiere\/projets\/brasserie-wepler\/","og_locale":"fr_FR","og_type":"article","og_title":"Mathilde Jonqui\u00e8re, mosa\u00efque, fresque murale Brasserie Wepler, Paris","og_description":"Mathilde Jonqui\u00e8re, artiste mosa\u00efste, r\u00e9alise des fresques murales pour des restaurants \u00e0 Paris","og_url":"https:\/\/www.valeriehenry.com\/mathilde-jonquiere\/projets\/brasserie-wepler\/","og_site_name":"Mathilde Jonqui\u00e8re","article_modified_time":"2024-03-21T19:35:21+00:00","og_image":[{"url":"https:\/\/www.valeriehenry.com\/mathilde-jonquiere\/wp-content\/uploads\/sites\/10\/2017\/10\/5-10-300x200.jpg"}],"twitter_card":"summary_large_image","twitter_misc":{"Dur\u00e9e de lecture estim\u00e9e":"1 minute"},"schema":{"@context":"https:\/\/schema.org","@graph":[{"@type":"WebPage","@id":"https:\/\/www.valeriehenry.com\/mathilde-jonquiere\/projets\/brasserie-wepler\/","url":"https:\/\/www.valeriehenry.com\/mathilde-jonquiere\/projets\/brasserie-wepler\/","name":"Mathilde Jonqui\u00e8re, mosa\u00efque, fresque murale Brasserie Wepler, Paris","isPartOf":{"@id":"https:\/\/www.valeriehenry.com\/mathilde-jonquiere\/#website"},"datePublished":"2017-10-12T09:58:51+00:00","dateModified":"2024-03-21T19:35:21+00:00","description":"Mathilde Jonqui\u00e8re, artiste mosa\u00efste, r\u00e9alise des fresques murales pour des restaurants \u00e0 Paris","breadcrumb":{"@id":"https:\/\/www.valeriehenry.com\/mathilde-jonquiere\/projets\/brasserie-wepler\/#breadcrumb"},"inLanguage":"fr-FR","potentialAction":[{"@type":"ReadAction","target":["https:\/\/www.valeriehenry.com\/mathilde-jonquiere\/projets\/brasserie-wepler\/"]}]},{"@type":"BreadcrumbList","@id":"https:\/\/www.valeriehenry.com\/mathilde-jonquiere\/projets\/brasserie-wepler\/#breadcrumb","itemListElement":[{"@type":"ListItem","position":1,"name":"Mathilde Jonqui\u00e8re","item":"https:\/\/www.valeriehenry.com\/mathilde-jonquiere\/"},{"@type":"ListItem","position":2,"name":"projets","item":"https:\/\/www.valeriehenry.com\/mathilde-jonquiere\/projets\/"},{"@type":"ListItem","position":3,"name":"Brasserie Wepler"}]},{"@type":"WebSite","@id":"https:\/\/www.valeriehenry.com\/mathilde-jonquiere\/#website","url":"https:\/\/www.valeriehenry.com\/mathilde-jonquiere\/","name":"Mathilde Jonqui\u00e8re","description":"mosa\u00efste","publisher":{"@id":"https:\/\/www.valeriehenry.com\/mathilde-jonquiere\/#organization"},"potentialAction":[{"@type":"SearchAction","target":{"@type":"EntryPoint","urlTemplate":"https:\/\/www.valeriehenry.com\/mathilde-jonquiere\/?s={search_term_string}"},"query-input":{"@type":"PropertyValueSpecification","valueRequired":true,"valueName":"search_term_string"}}],"inLanguage":"fr-FR"},{"@type":"Organization","@id":"https:\/\/www.valeriehenry.com\/mathilde-jonquiere\/#organization","name":"Mathilde Jonqui\u00e8re","url":"https:\/\/www.valeriehenry.com\/mathilde-jonquiere\/","logo":{"@type":"ImageObject","inLanguage":"fr-FR","@id":"https:\/\/www.valeriehenry.com\/mathilde-jonquiere\/#\/schema\/logo\/image\/","url":"https:\/\/www.valeriehenry.com\/mathilde-jonquiere\/wp-content\/uploads\/sites\/10\/2017\/10\/valerie_henry_logo.jpg","contentUrl":"https:\/\/www.valeriehenry.com\/mathilde-jonquiere\/wp-content\/uploads\/sites\/10\/2017\/10\/valerie_henry_logo.jpg","width":165,"height":39,"caption":"Mathilde Jonqui\u00e8re"},"image":{"@id":"https:\/\/www.valeriehenry.com\/mathilde-jonquiere\/#\/schema\/logo\/image\/"}}]}},"_links":{"self":[{"href":"https:\/\/www.valeriehenry.com\/mathilde-jonquiere\/wp-json\/wp\/v2\/pages\/227"}],"collection":[{"href":"https:\/\/www.valeriehenry.com\/mathilde-jonquiere\/wp-json\/wp\/v2\/pages"}],"about":[{"href":"https:\/\/www.valeriehenry.com\/mathilde-jonquiere\/wp-json\/wp\/v2\/types\/page"}],"author":[{"embeddable":true,"href":"https:\/\/www.valeriehenry.com\/mathilde-jonquiere\/wp-json\/wp\/v2\/users\/1"}],"replies":[{"embeddable":true,"href":"https:\/\/www.valeriehenry.com\/mathilde-jonquiere\/wp-json\/wp\/v2\/comments?post=227"}],"version-history":[{"count":3,"href":"https:\/\/www.valeriehenry.com\/mathilde-jonquiere\/wp-json\/wp\/v2\/pages\/227\/revisions"}],"predecessor-version":[{"id":403,"href":"https:\/\/www.valeriehenry.com\/mathilde-jonquiere\/wp-json\/wp\/v2\/pages\/227\/revisions\/403"}],"up":[{"embeddable":true,"href":"https:\/\/www.valeriehenry.com\/mathilde-jonquiere\/wp-json\/wp\/v2\/pages\/203"}],"wp:attachment":[{"href":"https:\/\/www.valeriehenry.com\/mathilde-jonquiere\/wp-json\/wp\/v2\/media?parent=227"}],"curies":[{"name":"wp","href":"https:\/\/api.w.org\/{rel}","templated":true}]}}