{"id":130,"date":"2017-10-11T11:15:08","date_gmt":"2017-10-11T09:15:08","guid":{"rendered":"https:\/\/www.valeriehenry.com\/emilie-faif\/biographie\/"},"modified":"2024-03-21T19:10:10","modified_gmt":"2024-03-21T18:10:10","slug":"biographie","status":"publish","type":"page","link":"https:\/\/www.valeriehenry.com\/en-emilie-faif\/biographie\/","title":{"rendered":"biography"},"content":{"rendered":"<p>Lives and works in Saint-Ouen.<\/p>\n<p>Emilie Fa\u00eff is a visual designer. Born in 1976, she graduated the \u00c9cole des Arts Appliqu\u00e9s Olivier de Serres and the \u00c9cole Nationale des Arts D\u00e9coratifs in Paris. She works with fabrics to create dreamlike and ethereal sculptures. For over ten years, her collaborations with artists from the world of fashion &#8211; Isabel Marant, Tsumori Chisato, Hermes, Kenzo, Manuel Canovas -, design and theater enriched her diversified and prolific artistic activity. Emilie Fa\u00eff\u2019s world has something natural and incongruous. Here, the obviousness is the evidence of the dreams and dreams embrace reality&#8217;s colors and contours. It all happens between the sewings , behind, somewhere inside : the volume becomes a landscape, and a landscape a volume.<\/p>\n","protected":false},"excerpt":{"rendered":"<p>Lives and works in Saint-Ouen. Emilie Fa\u00eff is a visual designer. Born in 1976, she graduated the \u00c9cole des Arts Appliqu\u00e9s Olivier de Serres and the \u00c9cole Nationale des Arts D\u00e9coratifs in Paris. She works with fabrics to create dreamlike&hellip;<\/p>\n","protected":false},"author":1,"featured_media":0,"parent":0,"menu_order":7,"comment_status":"closed","ping_status":"closed","template":"","meta":{"_trash_the_other_posts":false,"footnotes":""},"class_list":["post-130","page","type-page","status-publish","hentry"],"yoast_head":"<!-- This site is optimized with the Yoast SEO plugin v23.7 - https:\/\/yoast.com\/wordpress\/plugins\/seo\/ -->\n<title>Emilie Fa\u00eff, textile scenographer, recycled fabric installations, biography<\/title>\n<meta name=\"description\" content=\"Emilie Fa\u00eff, artist, textile installations for luxury brands, Paris, creations for young audiences\" \/>\n<meta name=\"robots\" content=\"index, follow, max-snippet:-1, max-image-preview:large, max-video-preview:-1\" \/>\n<link rel=\"canonical\" href=\"https:\/\/www.valeriehenry.com\/en-emilie-faif\/biographie\/\" \/>\n<meta property=\"og:locale\" content=\"en_US\" \/>\n<meta property=\"og:type\" content=\"article\" \/>\n<meta property=\"og:title\" content=\"Emilie Fa\u00eff, textile scenographer, recycled fabric installations, biography\" \/>\n<meta property=\"og:description\" content=\"Emilie Fa\u00eff, artist, textile installations for luxury brands, Paris, creations for young audiences\" \/>\n<meta property=\"og:url\" content=\"https:\/\/www.valeriehenry.com\/en-emilie-faif\/biographie\/\" \/>\n<meta property=\"og:site_name\" content=\"\u00c9milie Faif\" \/>\n<meta property=\"article:modified_time\" content=\"2024-03-21T18:10:10+00:00\" \/>\n<meta name=\"twitter:card\" content=\"summary_large_image\" \/>\n<meta name=\"twitter:label1\" content=\"Est. reading time\" \/>\n\t<meta name=\"twitter:data1\" content=\"1 minute\" \/>\n<script type=\"application\/ld+json\" class=\"yoast-schema-graph\">{\"@context\":\"https:\/\/schema.org\",\"@graph\":[{\"@type\":\"WebPage\",\"@id\":\"https:\/\/www.valeriehenry.com\/en-emilie-faif\/biographie\/\",\"url\":\"https:\/\/www.valeriehenry.com\/en-emilie-faif\/biographie\/\",\"name\":\"Emilie Fa\u00eff, textile scenographer, recycled fabric installations, biography\",\"isPartOf\":{\"@id\":\"https:\/\/www.valeriehenry.com\/en-emilie-faif\/#website\"},\"datePublished\":\"2017-10-11T09:15:08+00:00\",\"dateModified\":\"2024-03-21T18:10:10+00:00\",\"description\":\"Emilie Fa\u00eff, artist, textile installations for luxury brands, Paris, creations for young audiences\",\"breadcrumb\":{\"@id\":\"https:\/\/www.valeriehenry.com\/en-emilie-faif\/biographie\/#breadcrumb\"},\"inLanguage\":\"en-US\",\"potentialAction\":[{\"@type\":\"ReadAction\",\"target\":[\"https:\/\/www.valeriehenry.com\/en-emilie-faif\/biographie\/\"]}]},{\"@type\":\"BreadcrumbList\",\"@id\":\"https:\/\/www.valeriehenry.com\/en-emilie-faif\/biographie\/#breadcrumb\",\"itemListElement\":[{\"@type\":\"ListItem\",\"position\":1,\"name\":\"Emilie Faif\",\"item\":\"https:\/\/www.valeriehenry.com\/en-emilie-faif\/\"},{\"@type\":\"ListItem\",\"position\":2,\"name\":\"biography\"}]},{\"@type\":\"WebSite\",\"@id\":\"https:\/\/www.valeriehenry.com\/en-emilie-faif\/#website\",\"url\":\"https:\/\/www.valeriehenry.com\/en-emilie-faif\/\",\"name\":\"\u00c9milie Faif\",\"description\":\"artist\",\"publisher\":{\"@id\":\"https:\/\/www.valeriehenry.com\/en-emilie-faif\/#organization\"},\"potentialAction\":[{\"@type\":\"SearchAction\",\"target\":{\"@type\":\"EntryPoint\",\"urlTemplate\":\"https:\/\/www.valeriehenry.com\/en-emilie-faif\/?s={search_term_string}\"},\"query-input\":{\"@type\":\"PropertyValueSpecification\",\"valueRequired\":true,\"valueName\":\"search_term_string\"}}],\"inLanguage\":\"en-US\"},{\"@type\":\"Organization\",\"@id\":\"https:\/\/www.valeriehenry.com\/en-emilie-faif\/#organization\",\"name\":\"\u00c9milie Faif\",\"url\":\"https:\/\/www.valeriehenry.com\/en-emilie-faif\/\",\"logo\":{\"@type\":\"ImageObject\",\"inLanguage\":\"en-US\",\"@id\":\"https:\/\/www.valeriehenry.com\/en-emilie-faif\/#\/schema\/logo\/image\/\",\"url\":\"https:\/\/www.valeriehenry.com\/en-emilie-faif\/wp-content\/uploads\/sites\/17\/2017\/10\/valerie_henry_logo.jpg\",\"contentUrl\":\"https:\/\/www.valeriehenry.com\/en-emilie-faif\/wp-content\/uploads\/sites\/17\/2017\/10\/valerie_henry_logo.jpg\",\"width\":165,\"height\":39,\"caption\":\"\u00c9milie Faif\"},\"image\":{\"@id\":\"https:\/\/www.valeriehenry.com\/en-emilie-faif\/#\/schema\/logo\/image\/\"}}]}<\/script>\n<!-- \/ Yoast SEO plugin. -->","yoast_head_json":{"title":"Emilie Fa\u00eff, textile scenographer, recycled fabric installations, biography","description":"Emilie Fa\u00eff, artist, textile installations for luxury brands, Paris, creations for young audiences","robots":{"index":"index","follow":"follow","max-snippet":"max-snippet:-1","max-image-preview":"max-image-preview:large","max-video-preview":"max-video-preview:-1"},"canonical":"https:\/\/www.valeriehenry.com\/en-emilie-faif\/biographie\/","og_locale":"en_US","og_type":"article","og_title":"Emilie Fa\u00eff, textile scenographer, recycled fabric installations, biography","og_description":"Emilie Fa\u00eff, artist, textile installations for luxury brands, Paris, creations for young audiences","og_url":"https:\/\/www.valeriehenry.com\/en-emilie-faif\/biographie\/","og_site_name":"\u00c9milie Faif","article_modified_time":"2024-03-21T18:10:10+00:00","twitter_card":"summary_large_image","twitter_misc":{"Est. reading time":"1 minute"},"schema":{"@context":"https:\/\/schema.org","@graph":[{"@type":"WebPage","@id":"https:\/\/www.valeriehenry.com\/en-emilie-faif\/biographie\/","url":"https:\/\/www.valeriehenry.com\/en-emilie-faif\/biographie\/","name":"Emilie Fa\u00eff, textile scenographer, recycled fabric installations, biography","isPartOf":{"@id":"https:\/\/www.valeriehenry.com\/en-emilie-faif\/#website"},"datePublished":"2017-10-11T09:15:08+00:00","dateModified":"2024-03-21T18:10:10+00:00","description":"Emilie Fa\u00eff, artist, textile installations for luxury brands, Paris, creations for young audiences","breadcrumb":{"@id":"https:\/\/www.valeriehenry.com\/en-emilie-faif\/biographie\/#breadcrumb"},"inLanguage":"en-US","potentialAction":[{"@type":"ReadAction","target":["https:\/\/www.valeriehenry.com\/en-emilie-faif\/biographie\/"]}]},{"@type":"BreadcrumbList","@id":"https:\/\/www.valeriehenry.com\/en-emilie-faif\/biographie\/#breadcrumb","itemListElement":[{"@type":"ListItem","position":1,"name":"Emilie Faif","item":"https:\/\/www.valeriehenry.com\/en-emilie-faif\/"},{"@type":"ListItem","position":2,"name":"biography"}]},{"@type":"WebSite","@id":"https:\/\/www.valeriehenry.com\/en-emilie-faif\/#website","url":"https:\/\/www.valeriehenry.com\/en-emilie-faif\/","name":"\u00c9milie Faif","description":"artist","publisher":{"@id":"https:\/\/www.valeriehenry.com\/en-emilie-faif\/#organization"},"potentialAction":[{"@type":"SearchAction","target":{"@type":"EntryPoint","urlTemplate":"https:\/\/www.valeriehenry.com\/en-emilie-faif\/?s={search_term_string}"},"query-input":{"@type":"PropertyValueSpecification","valueRequired":true,"valueName":"search_term_string"}}],"inLanguage":"en-US"},{"@type":"Organization","@id":"https:\/\/www.valeriehenry.com\/en-emilie-faif\/#organization","name":"\u00c9milie Faif","url":"https:\/\/www.valeriehenry.com\/en-emilie-faif\/","logo":{"@type":"ImageObject","inLanguage":"en-US","@id":"https:\/\/www.valeriehenry.com\/en-emilie-faif\/#\/schema\/logo\/image\/","url":"https:\/\/www.valeriehenry.com\/en-emilie-faif\/wp-content\/uploads\/sites\/17\/2017\/10\/valerie_henry_logo.jpg","contentUrl":"https:\/\/www.valeriehenry.com\/en-emilie-faif\/wp-content\/uploads\/sites\/17\/2017\/10\/valerie_henry_logo.jpg","width":165,"height":39,"caption":"\u00c9milie Faif"},"image":{"@id":"https:\/\/www.valeriehenry.com\/en-emilie-faif\/#\/schema\/logo\/image\/"}}]}},"_links":{"self":[{"href":"https:\/\/www.valeriehenry.com\/en-emilie-faif\/wp-json\/wp\/v2\/pages\/130"}],"collection":[{"href":"https:\/\/www.valeriehenry.com\/en-emilie-faif\/wp-json\/wp\/v2\/pages"}],"about":[{"href":"https:\/\/www.valeriehenry.com\/en-emilie-faif\/wp-json\/wp\/v2\/types\/page"}],"author":[{"embeddable":true,"href":"https:\/\/www.valeriehenry.com\/en-emilie-faif\/wp-json\/wp\/v2\/users\/1"}],"replies":[{"embeddable":true,"href":"https:\/\/www.valeriehenry.com\/en-emilie-faif\/wp-json\/wp\/v2\/comments?post=130"}],"version-history":[{"count":4,"href":"https:\/\/www.valeriehenry.com\/en-emilie-faif\/wp-json\/wp\/v2\/pages\/130\/revisions"}],"predecessor-version":[{"id":242,"href":"https:\/\/www.valeriehenry.com\/en-emilie-faif\/wp-json\/wp\/v2\/pages\/130\/revisions\/242"}],"wp:attachment":[{"href":"https:\/\/www.valeriehenry.com\/en-emilie-faif\/wp-json\/wp\/v2\/media?parent=130"}],"curies":[{"name":"wp","href":"https:\/\/api.w.org\/{rel}","templated":true}]}}

<p>Lives and works in Saint-Ouen.</p>
<p>Emilie Faïf is a visual designer. Born in 1976, she graduated the École des Arts Appliqués Olivier de Serres and the École Nationale des Arts Décoratifs in Paris. She works with fabrics to create dreamlike and ethereal sculptures. For over ten years, her collaborations with artists from the world of fashion &#8211; Isabel Marant, Tsumori Chisato, Hermes, Kenzo, Manuel Canovas -, design and theater enriched her diversified and prolific artistic activity. Emilie Faïf’s world has something natural and incongruous. Here, the obviousness is the evidence of the dreams and dreams embrace reality&#8217;s colors and contours. It all happens between the sewings , behind, somewhere inside : the volume becomes a landscape, and a landscape a volume.</p>

<p>Lives and works in Saint-Ouen. Emilie Faïf is a visual designer. Born in 1976, she graduated the École des Arts Appliqués Olivier de Serres and the École Nationale des Arts Décoratifs in Paris. She works with fabrics to create dreamlike&hellip;</p>

<!-- This site is optimized with the Yoast SEO plugin v23.7 - https://yoast.com/wordpress/plugins/seo/ -->
<title>Emilie Faïf, textile scenographer, recycled fabric installations, biography</title>
<meta name="description" content="Emilie Faïf, artist, textile installations for luxury brands, Paris, creations for young audiences" />
<meta name="robots" content="index, follow, max-snippet:-1, max-image-preview:large, max-video-preview:-1" />
<link rel="canonical" href="https://www.valeriehenry.com/en-emilie-faif/biographie/" />
<meta property="og:locale" content="en_US" />
<meta property="og:type" content="article" />
<meta property="og:title" content="Emilie Faïf, textile scenographer, recycled fabric installations, biography" />
<meta property="og:description" content="Emilie Faïf, artist, textile installations for luxury brands, Paris, creations for young audiences" />
<meta property="og:url" content="https://www.valeriehenry.com/en-emilie-faif/biographie/" />
<meta property="og:site_name" content="Émilie Faif" />
<meta property="article:modified_time" content="2024-03-21T18:10:10+00:00" />
<meta name="twitter:card" content="summary_large_image" />
<meta name="twitter:label1" content="Est. reading time" />
	<meta name="twitter:data1" content="1 minute" />
<script type="application/ld+json" class="yoast-schema-graph">{"@context":"https://schema.org","@graph":[{"@type":"WebPage","@id":"https://www.valeriehenry.com/en-emilie-faif/biographie/","url":"https://www.valeriehenry.com/en-emilie-faif/biographie/","name":"Emilie Faïf, textile scenographer, recycled fabric installations, biography","isPartOf":{"@id":"https://www.valeriehenry.com/en-emilie-faif/#website"},"datePublished":"2017-10-11T09:15:08+00:00","dateModified":"2024-03-21T18:10:10+00:00","description":"Emilie Faïf, artist, textile installations for luxury brands, Paris, creations for young audiences","breadcrumb":{"@id":"https://www.valeriehenry.com/en-emilie-faif/biographie/#breadcrumb"},"inLanguage":"en-US","potentialAction":[{"@type":"ReadAction","target":["https://www.valeriehenry.com/en-emilie-faif/biographie/"]}]},{"@type":"BreadcrumbList","@id":"https://www.valeriehenry.com/en-emilie-faif/biographie/#breadcrumb","itemListElement":[{"@type":"ListItem","position":1,"name":"Emilie Faif","item":"https://www.valeriehenry.com/en-emilie-faif/"},{"@type":"ListItem","position":2,"name":"biography"}]},{"@type":"WebSite","@id":"https://www.valeriehenry.com/en-emilie-faif/#website","url":"https://www.valeriehenry.com/en-emilie-faif/","name":"Émilie Faif","description":"artist","publisher":{"@id":"https://www.valeriehenry.com/en-emilie-faif/#organization"},"potentialAction":[{"@type":"SearchAction","target":{"@type":"EntryPoint","urlTemplate":"https://www.valeriehenry.com/en-emilie-faif/?s={search_term_string}"},"query-input":{"@type":"PropertyValueSpecification","valueRequired":true,"valueName":"search_term_string"}}],"inLanguage":"en-US"},{"@type":"Organization","@id":"https://www.valeriehenry.com/en-emilie-faif/#organization","name":"Émilie Faif","url":"https://www.valeriehenry.com/en-emilie-faif/","logo":{"@type":"ImageObject","inLanguage":"en-US","@id":"https://www.valeriehenry.com/en-emilie-faif/#/schema/logo/image/","url":"https://www.valeriehenry.com/en-emilie-faif/wp-content/uploads/sites/17/2017/10/valerie_henry_logo.jpg","contentUrl":"https://www.valeriehenry.com/en-emilie-faif/wp-content/uploads/sites/17/2017/10/valerie_henry_logo.jpg","width":165,"height":39,"caption":"Émilie Faif"},"image":{"@id":"https://www.valeriehenry.com/en-emilie-faif/#/schema/logo/image/"}}]}</script>
<!-- / Yoast SEO plugin. -->

Emilie Faïf, textile scenographer, recycled fabric installations, biography

Emilie Faïf, artist, textile installations for luxury brands, Paris, creations for young audiences

Émilie Faif
