{"id":130,"date":"2017-10-11T11:15:08","date_gmt":"2017-10-11T09:15:08","guid":{"rendered":"https:\/\/www.valeriehenry.com\/emilie-faif\/biographie\/"},"modified":"2024-03-21T19:09:20","modified_gmt":"2024-03-21T18:09:20","slug":"biographie","status":"publish","type":"page","link":"https:\/\/www.valeriehenry.com\/emilie-faif\/biographie\/","title":{"rendered":"biographie"},"content":{"rendered":"<p>Vit et travaille \u00e0 Saint-Ouen<\/p>\n<p>Emilie Fa\u00eff est sc\u00e9nographe plasticienne. N\u00e9e en 1976, elle est dipl\u00f4m\u00e9e des Arts Appliqu\u00e9s Olivier de Serres et des Arts D\u00e9coratifs de Paris. Elle travaille le tissu pour en faire \u00e9merger des sculptures oniriques qui abordent le corps comme un paysage, les paysages comme un corps. Depuis plus de dix ans, ses collaborations avec des cr\u00e9ateurs issus du monde de la mode \u2013 Isabel Marant, Tsumori Chisato, Herm\u00e8s, Kenzo, Manuel Canovas \u2013, du design ou du th\u00e9\u00e2tre enrichissent son activit\u00e9 artistique aux multiples facettes.<\/p>\n<p>L&rsquo;univers d&rsquo;Emilie Fa\u00eff a quelque chose de naturel et d\u2019incongru. Car l\u2019\u00e9vidence, ici, est celle des r\u00eaves et les r\u00eaves \u00e9pousent les couleurs et les contours de la r\u00e9alit\u00e9. Ils en dessinent une sorte de double o\u00f9 la lumi\u00e8re ne fait pas d\u2019ombres, o\u00f9 le lourd devient l\u00e9ger, o\u00f9 les v\u0153ux ne retombent jamais. Et puis il y a le corps, ce continent dont on aimerait \u00eatre familier et qui n\u2019est peut-\u00eatre qu\u2019un souffle, tendre et un peu monstrueux. Corps, r\u00eave, tout est l\u00e0 : le corps dans les r\u00eaves, les r\u00eaves dans la peau, le tissu entre les deux. Emilie Fa\u00eff sculpte le tissu mais \u00e0 l\u2019envers : car c\u2019est dessous, derri\u00e8re, au verso, quelque part \u00e0 l\u2019int\u00e9rieur, que \u00e7a se joue.<\/p>\n","protected":false},"excerpt":{"rendered":"<p>Vit et travaille \u00e0 Saint-Ouen Emilie Fa\u00eff est sc\u00e9nographe plasticienne. N\u00e9e en 1976, elle est dipl\u00f4m\u00e9e des Arts Appliqu\u00e9s Olivier de Serres et des Arts D\u00e9coratifs de Paris. Elle travaille le tissu pour en faire \u00e9merger des sculptures oniriques qui&hellip;<\/p>\n","protected":false},"author":1,"featured_media":0,"parent":0,"menu_order":7,"comment_status":"closed","ping_status":"closed","template":"","meta":{"_trash_the_other_posts":false,"footnotes":""},"class_list":["post-130","page","type-page","status-publish","hentry"],"yoast_head":"<!-- This site is optimized with the Yoast SEO plugin v23.7 - https:\/\/yoast.com\/wordpress\/plugins\/seo\/ -->\n<title>Emilie Fa\u00eff, sc\u00e9nographe textile, installations tissus recycl\u00e9s, biographie<\/title>\n<meta name=\"description\" content=\"Emilie Fa\u00eff, artiste, installations textiles pour des maisons de luxe, Paris, cr\u00e9ations pour jeune public\" \/>\n<meta name=\"robots\" content=\"index, follow, max-snippet:-1, max-image-preview:large, max-video-preview:-1\" \/>\n<link rel=\"canonical\" href=\"https:\/\/www.valeriehenry.com\/emilie-faif\/biographie\/\" \/>\n<meta property=\"og:locale\" content=\"fr_FR\" \/>\n<meta property=\"og:type\" content=\"article\" \/>\n<meta property=\"og:title\" content=\"Emilie Fa\u00eff, sc\u00e9nographe textile, installations tissus recycl\u00e9s, biographie\" \/>\n<meta property=\"og:description\" content=\"Emilie Fa\u00eff, artiste, installations textiles pour des maisons de luxe, Paris, cr\u00e9ations pour jeune public\" \/>\n<meta property=\"og:url\" content=\"https:\/\/www.valeriehenry.com\/emilie-faif\/biographie\/\" \/>\n<meta property=\"og:site_name\" content=\"\u00c9milie Faif\" \/>\n<meta property=\"article:modified_time\" content=\"2024-03-21T18:09:20+00:00\" \/>\n<meta name=\"twitter:card\" content=\"summary_large_image\" \/>\n<meta name=\"twitter:label1\" content=\"Dur\u00e9e de lecture estim\u00e9e\" \/>\n\t<meta name=\"twitter:data1\" content=\"2 minutes\" \/>\n<script type=\"application\/ld+json\" class=\"yoast-schema-graph\">{\"@context\":\"https:\/\/schema.org\",\"@graph\":[{\"@type\":\"WebPage\",\"@id\":\"https:\/\/www.valeriehenry.com\/emilie-faif\/biographie\/\",\"url\":\"https:\/\/www.valeriehenry.com\/emilie-faif\/biographie\/\",\"name\":\"Emilie Fa\u00eff, sc\u00e9nographe textile, installations tissus recycl\u00e9s, biographie\",\"isPartOf\":{\"@id\":\"https:\/\/www.valeriehenry.com\/emilie-faif\/#website\"},\"datePublished\":\"2017-10-11T09:15:08+00:00\",\"dateModified\":\"2024-03-21T18:09:20+00:00\",\"description\":\"Emilie Fa\u00eff, artiste, installations textiles pour des maisons de luxe, Paris, cr\u00e9ations pour jeune public\",\"breadcrumb\":{\"@id\":\"https:\/\/www.valeriehenry.com\/emilie-faif\/biographie\/#breadcrumb\"},\"inLanguage\":\"fr-FR\",\"potentialAction\":[{\"@type\":\"ReadAction\",\"target\":[\"https:\/\/www.valeriehenry.com\/emilie-faif\/biographie\/\"]}]},{\"@type\":\"BreadcrumbList\",\"@id\":\"https:\/\/www.valeriehenry.com\/emilie-faif\/biographie\/#breadcrumb\",\"itemListElement\":[{\"@type\":\"ListItem\",\"position\":1,\"name\":\"Emilie Faif\",\"item\":\"https:\/\/www.valeriehenry.com\/emilie-faif\/\"},{\"@type\":\"ListItem\",\"position\":2,\"name\":\"biographie\"}]},{\"@type\":\"WebSite\",\"@id\":\"https:\/\/www.valeriehenry.com\/emilie-faif\/#website\",\"url\":\"https:\/\/www.valeriehenry.com\/emilie-faif\/\",\"name\":\"\u00c9milie Faif\",\"description\":\"plasticienne\",\"publisher\":{\"@id\":\"https:\/\/www.valeriehenry.com\/emilie-faif\/#organization\"},\"potentialAction\":[{\"@type\":\"SearchAction\",\"target\":{\"@type\":\"EntryPoint\",\"urlTemplate\":\"https:\/\/www.valeriehenry.com\/emilie-faif\/?s={search_term_string}\"},\"query-input\":{\"@type\":\"PropertyValueSpecification\",\"valueRequired\":true,\"valueName\":\"search_term_string\"}}],\"inLanguage\":\"fr-FR\"},{\"@type\":\"Organization\",\"@id\":\"https:\/\/www.valeriehenry.com\/emilie-faif\/#organization\",\"name\":\"\u00c9milie Faif\",\"url\":\"https:\/\/www.valeriehenry.com\/emilie-faif\/\",\"logo\":{\"@type\":\"ImageObject\",\"inLanguage\":\"fr-FR\",\"@id\":\"https:\/\/www.valeriehenry.com\/emilie-faif\/#\/schema\/logo\/image\/\",\"url\":\"https:\/\/www.valeriehenry.com\/emilie-faif\/wp-content\/uploads\/sites\/6\/2017\/10\/valerie_henry_logo.jpg\",\"contentUrl\":\"https:\/\/www.valeriehenry.com\/emilie-faif\/wp-content\/uploads\/sites\/6\/2017\/10\/valerie_henry_logo.jpg\",\"width\":165,\"height\":39,\"caption\":\"\u00c9milie Faif\"},\"image\":{\"@id\":\"https:\/\/www.valeriehenry.com\/emilie-faif\/#\/schema\/logo\/image\/\"}}]}<\/script>\n<!-- \/ Yoast SEO plugin. -->","yoast_head_json":{"title":"Emilie Fa\u00eff, sc\u00e9nographe textile, installations tissus recycl\u00e9s, biographie","description":"Emilie Fa\u00eff, artiste, installations textiles pour des maisons de luxe, Paris, cr\u00e9ations pour jeune public","robots":{"index":"index","follow":"follow","max-snippet":"max-snippet:-1","max-image-preview":"max-image-preview:large","max-video-preview":"max-video-preview:-1"},"canonical":"https:\/\/www.valeriehenry.com\/emilie-faif\/biographie\/","og_locale":"fr_FR","og_type":"article","og_title":"Emilie Fa\u00eff, sc\u00e9nographe textile, installations tissus recycl\u00e9s, biographie","og_description":"Emilie Fa\u00eff, artiste, installations textiles pour des maisons de luxe, Paris, cr\u00e9ations pour jeune public","og_url":"https:\/\/www.valeriehenry.com\/emilie-faif\/biographie\/","og_site_name":"\u00c9milie Faif","article_modified_time":"2024-03-21T18:09:20+00:00","twitter_card":"summary_large_image","twitter_misc":{"Dur\u00e9e de lecture estim\u00e9e":"2 minutes"},"schema":{"@context":"https:\/\/schema.org","@graph":[{"@type":"WebPage","@id":"https:\/\/www.valeriehenry.com\/emilie-faif\/biographie\/","url":"https:\/\/www.valeriehenry.com\/emilie-faif\/biographie\/","name":"Emilie Fa\u00eff, sc\u00e9nographe textile, installations tissus recycl\u00e9s, biographie","isPartOf":{"@id":"https:\/\/www.valeriehenry.com\/emilie-faif\/#website"},"datePublished":"2017-10-11T09:15:08+00:00","dateModified":"2024-03-21T18:09:20+00:00","description":"Emilie Fa\u00eff, artiste, installations textiles pour des maisons de luxe, Paris, cr\u00e9ations pour jeune public","breadcrumb":{"@id":"https:\/\/www.valeriehenry.com\/emilie-faif\/biographie\/#breadcrumb"},"inLanguage":"fr-FR","potentialAction":[{"@type":"ReadAction","target":["https:\/\/www.valeriehenry.com\/emilie-faif\/biographie\/"]}]},{"@type":"BreadcrumbList","@id":"https:\/\/www.valeriehenry.com\/emilie-faif\/biographie\/#breadcrumb","itemListElement":[{"@type":"ListItem","position":1,"name":"Emilie Faif","item":"https:\/\/www.valeriehenry.com\/emilie-faif\/"},{"@type":"ListItem","position":2,"name":"biographie"}]},{"@type":"WebSite","@id":"https:\/\/www.valeriehenry.com\/emilie-faif\/#website","url":"https:\/\/www.valeriehenry.com\/emilie-faif\/","name":"\u00c9milie Faif","description":"plasticienne","publisher":{"@id":"https:\/\/www.valeriehenry.com\/emilie-faif\/#organization"},"potentialAction":[{"@type":"SearchAction","target":{"@type":"EntryPoint","urlTemplate":"https:\/\/www.valeriehenry.com\/emilie-faif\/?s={search_term_string}"},"query-input":{"@type":"PropertyValueSpecification","valueRequired":true,"valueName":"search_term_string"}}],"inLanguage":"fr-FR"},{"@type":"Organization","@id":"https:\/\/www.valeriehenry.com\/emilie-faif\/#organization","name":"\u00c9milie Faif","url":"https:\/\/www.valeriehenry.com\/emilie-faif\/","logo":{"@type":"ImageObject","inLanguage":"fr-FR","@id":"https:\/\/www.valeriehenry.com\/emilie-faif\/#\/schema\/logo\/image\/","url":"https:\/\/www.valeriehenry.com\/emilie-faif\/wp-content\/uploads\/sites\/6\/2017\/10\/valerie_henry_logo.jpg","contentUrl":"https:\/\/www.valeriehenry.com\/emilie-faif\/wp-content\/uploads\/sites\/6\/2017\/10\/valerie_henry_logo.jpg","width":165,"height":39,"caption":"\u00c9milie Faif"},"image":{"@id":"https:\/\/www.valeriehenry.com\/emilie-faif\/#\/schema\/logo\/image\/"}}]}},"_links":{"self":[{"href":"https:\/\/www.valeriehenry.com\/emilie-faif\/wp-json\/wp\/v2\/pages\/130"}],"collection":[{"href":"https:\/\/www.valeriehenry.com\/emilie-faif\/wp-json\/wp\/v2\/pages"}],"about":[{"href":"https:\/\/www.valeriehenry.com\/emilie-faif\/wp-json\/wp\/v2\/types\/page"}],"author":[{"embeddable":true,"href":"https:\/\/www.valeriehenry.com\/emilie-faif\/wp-json\/wp\/v2\/users\/1"}],"replies":[{"embeddable":true,"href":"https:\/\/www.valeriehenry.com\/emilie-faif\/wp-json\/wp\/v2\/comments?post=130"}],"version-history":[{"count":2,"href":"https:\/\/www.valeriehenry.com\/emilie-faif\/wp-json\/wp\/v2\/pages\/130\/revisions"}],"predecessor-version":[{"id":538,"href":"https:\/\/www.valeriehenry.com\/emilie-faif\/wp-json\/wp\/v2\/pages\/130\/revisions\/538"}],"wp:attachment":[{"href":"https:\/\/www.valeriehenry.com\/emilie-faif\/wp-json\/wp\/v2\/media?parent=130"}],"curies":[{"name":"wp","href":"https:\/\/api.w.org\/{rel}","templated":true}]}}

<p>Vit et travaille à Saint-Ouen</p>
<p>Emilie Faïf est scénographe plasticienne. Née en 1976, elle est diplômée des Arts Appliqués Olivier de Serres et des Arts Décoratifs de Paris. Elle travaille le tissu pour en faire émerger des sculptures oniriques qui abordent le corps comme un paysage, les paysages comme un corps. Depuis plus de dix ans, ses collaborations avec des créateurs issus du monde de la mode – Isabel Marant, Tsumori Chisato, Hermès, Kenzo, Manuel Canovas –, du design ou du théâtre enrichissent son activité artistique aux multiples facettes.</p>
<p>L&rsquo;univers d&rsquo;Emilie Faïf a quelque chose de naturel et d’incongru. Car l’évidence, ici, est celle des rêves et les rêves épousent les couleurs et les contours de la réalité. Ils en dessinent une sorte de double où la lumière ne fait pas d’ombres, où le lourd devient léger, où les vœux ne retombent jamais. Et puis il y a le corps, ce continent dont on aimerait être familier et qui n’est peut-être qu’un souffle, tendre et un peu monstrueux. Corps, rêve, tout est là : le corps dans les rêves, les rêves dans la peau, le tissu entre les deux. Emilie Faïf sculpte le tissu mais à l’envers : car c’est dessous, derrière, au verso, quelque part à l’intérieur, que ça se joue.</p>

<p>Vit et travaille à Saint-Ouen Emilie Faïf est scénographe plasticienne. Née en 1976, elle est diplômée des Arts Appliqués Olivier de Serres et des Arts Décoratifs de Paris. Elle travaille le tissu pour en faire émerger des sculptures oniriques qui&hellip;</p>

<!-- This site is optimized with the Yoast SEO plugin v23.7 - https://yoast.com/wordpress/plugins/seo/ -->
<title>Emilie Faïf, scénographe textile, installations tissus recyclés, biographie</title>
<meta name="description" content="Emilie Faïf, artiste, installations textiles pour des maisons de luxe, Paris, créations pour jeune public" />
<meta name="robots" content="index, follow, max-snippet:-1, max-image-preview:large, max-video-preview:-1" />
<link rel="canonical" href="https://www.valeriehenry.com/emilie-faif/biographie/" />
<meta property="og:locale" content="fr_FR" />
<meta property="og:type" content="article" />
<meta property="og:title" content="Emilie Faïf, scénographe textile, installations tissus recyclés, biographie" />
<meta property="og:description" content="Emilie Faïf, artiste, installations textiles pour des maisons de luxe, Paris, créations pour jeune public" />
<meta property="og:url" content="https://www.valeriehenry.com/emilie-faif/biographie/" />
<meta property="og:site_name" content="Émilie Faif" />
<meta property="article:modified_time" content="2024-03-21T18:09:20+00:00" />
<meta name="twitter:card" content="summary_large_image" />
<meta name="twitter:label1" content="Durée de lecture estimée" />
	<meta name="twitter:data1" content="2 minutes" />
<script type="application/ld+json" class="yoast-schema-graph">{"@context":"https://schema.org","@graph":[{"@type":"WebPage","@id":"https://www.valeriehenry.com/emilie-faif/biographie/","url":"https://www.valeriehenry.com/emilie-faif/biographie/","name":"Emilie Faïf, scénographe textile, installations tissus recyclés, biographie","isPartOf":{"@id":"https://www.valeriehenry.com/emilie-faif/#website"},"datePublished":"2017-10-11T09:15:08+00:00","dateModified":"2024-03-21T18:09:20+00:00","description":"Emilie Faïf, artiste, installations textiles pour des maisons de luxe, Paris, créations pour jeune public","breadcrumb":{"@id":"https://www.valeriehenry.com/emilie-faif/biographie/#breadcrumb"},"inLanguage":"fr-FR","potentialAction":[{"@type":"ReadAction","target":["https://www.valeriehenry.com/emilie-faif/biographie/"]}]},{"@type":"BreadcrumbList","@id":"https://www.valeriehenry.com/emilie-faif/biographie/#breadcrumb","itemListElement":[{"@type":"ListItem","position":1,"name":"Emilie Faif","item":"https://www.valeriehenry.com/emilie-faif/"},{"@type":"ListItem","position":2,"name":"biographie"}]},{"@type":"WebSite","@id":"https://www.valeriehenry.com/emilie-faif/#website","url":"https://www.valeriehenry.com/emilie-faif/","name":"Émilie Faif","description":"plasticienne","publisher":{"@id":"https://www.valeriehenry.com/emilie-faif/#organization"},"potentialAction":[{"@type":"SearchAction","target":{"@type":"EntryPoint","urlTemplate":"https://www.valeriehenry.com/emilie-faif/?s={search_term_string}"},"query-input":{"@type":"PropertyValueSpecification","valueRequired":true,"valueName":"search_term_string"}}],"inLanguage":"fr-FR"},{"@type":"Organization","@id":"https://www.valeriehenry.com/emilie-faif/#organization","name":"Émilie Faif","url":"https://www.valeriehenry.com/emilie-faif/","logo":{"@type":"ImageObject","inLanguage":"fr-FR","@id":"https://www.valeriehenry.com/emilie-faif/#/schema/logo/image/","url":"https://www.valeriehenry.com/emilie-faif/wp-content/uploads/sites/6/2017/10/valerie_henry_logo.jpg","contentUrl":"https://www.valeriehenry.com/emilie-faif/wp-content/uploads/sites/6/2017/10/valerie_henry_logo.jpg","width":165,"height":39,"caption":"Émilie Faif"},"image":{"@id":"https://www.valeriehenry.com/emilie-faif/#/schema/logo/image/"}}]}</script>
<!-- / Yoast SEO plugin. -->

Emilie Faïf, scénographe textile, installations tissus recyclés, biographie

Emilie Faïf, artiste, installations textiles pour des maisons de luxe, Paris, créations pour jeune public

Émilie Faif
